f 5236610?
2, 5, 37, 14153
What are the prime factors of 81432308?
2, 2647, 7691
List the prime factors of 38600308.
2, 67, 144031
What are the prime factors of 614091882?
2, 3, 8747, 11701
What are the prime factors of 1517050677?
3, 83, 6092573
What are the prime factors of 48144408?
2, 3, 13, 17, 29, 313
List the prime factors of 36150716.
2, 7, 59, 79, 277
List the prime factors of 1449558619.
1449558619
What are the prime factors of 204696683?
5827, 35129
What are the prime factors of 582234514?
2, 291117257
List the prime factors of 1515806599.
1515806599
List the prime factors of 229860863.
409, 562007
List the prime factors of 103864566.
2, 3, 13, 1331597
List the prime factors of 39603993.
3, 11, 13, 92317
List the prime factors of 40159872.
2, 3, 71, 491
List the prime factors of 934745014.
2, 7, 19, 3514079
What are the prime factors of 28521414?
2, 3, 163, 9721
What are the prime factors of 157798927?
11, 13, 1103489
List the prime factors of 1083367921.
521, 2079401
What are the prime factors of 93643720?
2, 5, 367, 6379
What are the prime factors of 766157264?
2, 29, 1651201
List the prime factors of 792706734.
2, 3, 257, 349, 491
What are the prime factors of 966290326?
2, 21031, 22973
What are the prime factors of 20355266?
2, 829, 12277
List the prime factors of 12411818.
2, 317, 19577
List the prime factors of 207660317.
37, 5612441
List the prime factors of 4060150308.
2, 3, 101, 1116653
What are the prime factors of 6030400238?
2, 43, 70120933
What are the prime factors of 55018055?
5, 67, 164233
What are the prime factors of 42605625?
3, 5, 31, 733
List the prime factors of 114866887.
73, 251, 6269
What are the prime factors of 1488991513?
35837, 41549
What are the prime factors of 40745636?
2, 41, 59, 4211
List the prime factors of 2513559848.
2, 3313, 94837
List the prime factors of 3425907592.
2, 17, 23, 1095239
List the prime factors of 6715900496.
2, 131, 613, 5227
What are the prime factors of 8037432?
2, 3, 13, 31, 277
What are the prime factors of 62942319?
3, 11, 211927
What are the prime factors of 19594613?
19594613
What are the prime factors of 3099480248?
2, 43, 263, 34259
What are the prime factors of 130375632?
2, 3, 2716159
List the prime factors of 798055192.
2, 11, 61, 148669
List the prime factors of 653995707.
3, 59, 3694891
List the prime factors of 83856496.
2, 239, 21929
What are the prime factors of 4258671183?
3, 13, 36398899
List the prime factors of 38267487.
3, 103, 41281
What are the prime factors of 287556770?
2, 5, 28755677
What are the prime factors of 495612624?
2, 3, 13, 31, 25621
What are the prime factors of 543149425?
5, 7, 13, 238747
List the prime factors of 492090909.
3, 157, 1044779
What are the prime factors of 1815318873?
3, 201702097
List the prime factors of 4348443271.
4348443271
What are the prime factors of 53040970?
2, 5, 19, 107, 2609
List the prime factors of 1751951841.
3, 59, 887, 11159
List the prime factors of 141999756.
2, 3, 467, 25339
List the prime factors of 349643387.
47, 97, 271, 283
What are the prime factors of 18173260?
2, 5, 7, 271, 479
What are the prime factors of 256115404?
2, 17, 113, 33331
List the prime factors of 764389645.
5, 152877929
What are the prime factors of 21976941?
3, 7, 149503
What are the prime factors of 1787861301?
3, 595953767
What are the prime factors of 35654718?
2, 3, 11, 593, 911
List the prime factors of 62133610.
2, 5, 7, 11, 19, 31, 137
What are the prime factors of 517247399?
517247399
What are the prime factors of 294964819?
83, 3553793
List the prime factors of 280039891.
280039891
List the prime factors of 8868821.
13, 31, 59, 373
What are the prime factors of 242178386?
2, 31, 3906103
What are the prime factors of 100039636?
2, 19, 1316311
What are the prime factors of 43053610?
2, 5, 4305361
What are the prime factors of 926119935?
3, 5, 13, 1193, 1327
List the prime factors of 1350985795.
5, 270197159
What are the prime factors of 180908520?
2, 3, 5, 13, 89, 1303
What are the prime factors of 275624463?
3, 91874821
What are the prime factors of 411470763?
3, 11, 29, 89, 4831
List the prime factors of 79728843.
3, 607, 43783
List the prime factors of 49837484.
2, 47, 265093
What are the prime factors of 652971695?
5, 419, 311681
List the prime factors of 12949583.
19, 681557
List the prime factors of 33990567.
3, 13, 871553
List the prime factors of 100576274.
2, 50288137
What are the prime factors of 18488686?
2, 79, 117017
What are the prime factors of 1727527766?
2, 19, 45461257
What are the prime factors of 3620133479?
19, 12227, 15583
What are the prime factors of 873230059?
13, 1787, 37589
What are the prime factors of 976278427?
1193, 818339
What are the prime factors of 207337878?
2, 3, 11, 29, 36109
List the prime factors of 386425643.
386425643
List the prime factors of 343875413.
7, 49125059
List the prime factors of 69784795.
5, 13956959
List the prime factors of 40613330.
2, 5, 113, 127, 283
List the prime factors of 1668630139.
11, 151693649
What are the prime factors of 857714849?
21481, 39929
What are the prime factors of 28717641?
3, 17, 61, 181
What are the prime factors of 4653817504?
2, 7, 41, 506731
What are the prime factors of 915909615?
3, 5, 2017, 10091
List the prime factors of 460088173.
19, 83, 167, 1747
List the prime factors of 4037197487.
31, 463, 281279
List the prime factors of 2177262114.
2, 3, 17, 37, 41, 14071
What are the prime factors of 296814440?
2, 5, 13, 257, 2221
List the prime factors of 2976891280.
2, 5, 11, 53, 83, 769
What are the prime factors of 9374100?
2, 3, 5, 31247
List the prime factors of 4679399739.
3, 7, 222828559
List the prime factors of 618759792.
2, 3, 7, 613849
List the prime factors of 605061190.
2, 5, 41, 1475759
What are the prime factors of 82559344?
2, 7, 17, 131, 331
What are the prime factors of 69016849?
11, 43, 79, 1847
What are the prime factors of 303649646?
2, 977, 155399
List the prime factors of 1272400824.
2, 3, 1433, 36997
List the prime factors of 22229200.
2, 5, 7, 17, 467
List the prime factors of 1955608344.
2, 3, 79, 343813
What are the prime factors of 601759889?
29, 241, 2969
List the prime factors of 118161840.
2, 3, 5, 113, 4357
What are the prime factors of 89696229?
3, 7, 137, 31177
What are the prime factors of 4980344835?
3, 5, 31, 67, 159857
What are the prime factors of 1936272439?
1936272439
List the prime factors of 619358886.
2, 3, 1274401
What are the prime factors of 135377549?
135377549
What are the prime factors of 65735367?
3, 21911789
What are the prime factors of 7194679485?
3, 5, 7, 31, 2210347
List the prime factors of 3609355022.
2, 7, 13, 29, 23581
What are the prime factors of 573299371?
4079, 140549
What are the prime factors of 88211444?
2, 1607, 13723
What are the prime factors of 34664909?
34664909
What are the prime factors of 1011466991?
1011466991
List the prime factors of 18904241.
1429, 13229
List the prime factors of 66548796.
2, 3, 5545733
What are the prime factors of 6279533539?
6279533539
List the prime factors of 82418300.
2, 5, 824183
What are the prime factors of 402417193?
2129, 189017
What are the prime factors of 101175166?
2, 50587583
List the prime factors of 96947910.
2, 3, 5, 61, 17659
What are the prime factors of 2915586102?
2, 3, 11, 13, 821, 4139
List the prime factors of 25874731.
17, 41, 37123
What are the prime factors of 20854454?
2, 10427227
What are the prime factors of 139700170?
2, 5, 101, 157, 881
List the prime factors of 104020710.
2, 3, 5, 3467357
List the prime factors of 2248580811.
3, 43, 17430859
What are the prime factors of 332176279?
149, 2229371
List the prime factors of 29865893.
29865893
What are the prime factors of 717559934?
2, 7, 13, 23, 29, 257
List the prime factors of 179998603.
3313, 54331
What are the prime factors of 346817148?
2, 3, 29, 996601
What are the prime factors of 681073868?
2, 139, 1224953
What are the prime factors of 4043962294?
2, 401, 719, 7013
List the prime factors of 152736050.
2, 5, 3054721
List the prime factors of 431594480.
2, 5, 5394931
What are the prime factors of 87884629?
7, 109, 115183
List the prime factors of 26810150.
2, 5, 536203
List the prime factors of 877388179.
877388179
What are the prime factors of 465251031?
3, 7